r?
14
Let i be 2 - 3 - (-7 + -9). Let h be (-3)/(-9) - (-205)/i. Let b = 72 - 37. Calculate the highest common divisor of b and h.
7
Let l = 3496 - 1791. Calculate the greatest common factor of 110 and l.
55
Suppose 36 = -3*x - 2*c + 110, 6*x + 2*c = 182. Suppose 0 = -p + 2*p - 225. Calculate the highest common factor of p and x.
9
Let m = 278 + -342. Let u(w) = w**3 + 7*w**2 - 5*w - 1. Let i be u(-8). Let b = i - m. What is the highest common factor of 78 and b?
39
Let a be (-1)/((-3)/36) + 2. Suppose t + 2*g + 72 = -89, 5*t - g = -783. Let o = t - -199. Calculate the highest common factor of a and o.
14
Let w = -87 - -137. Let q = w + -33. Suppose -3*r + 2*x = -92, 0 = 7*r - 10*r - 4*x + 122. What is the greatest common divisor of q and r?
17
Let m(r) = 25*r**2 + 435*r - 868. Let p be m(2). Suppose 4*q - l - 138 = 0, -2*q - 5*l + 6*l = -70. Calculate the greatest common divisor of p and q.
34
Suppose -338*n = -341*n + 360. Calculate the greatest common divisor of n and 3040.
40
Let u = 109 + -107. Suppose -u*n = -5*j + n + 15, -5*j + 5*n = -5. Calculate the greatest common divisor of 102 and j.
6
Let p = 10717 + -9893. Calculate the highest common divisor of 1030 and p.
206
Suppose -4*g + 110 = g. Suppose -12 = 2*p - 6*p. Suppose 2*i = -h + 48, -p*i - 4 + 54 = -4*h. What is the highest common factor of g and i?
22
Suppose -3*z = -4*r + 76, 9*z = -5*r + 7*z + 118. Let t = 24 - 69. Let b = 133 + t. What is the greatest common divisor of r and b?
22
Let m(x) = -x**3 - 19*x**2 + 297*x - 134. Let r be m(-31). Calculate the greatest common factor of r and 14.
7
Suppose -4*l + 2186 = -5*h, 3*l + 1419 = h + 3042. Suppose 2*v + 6 = 0, 3*d + 0*v - 21 = -4*v. What is the greatest common factor of d and l?
11
Let s(d) = -5 - 13*d - 5 - 443*d**3 + 444*d**3 - 6*d**2. Let f be 3*3/(18/16). Let q be s(f). What is the highest common divisor of q and 112?
14
Let v = 2756 - 974. Calculate the highest common factor of v and 72.
18
Let k(t) = t + 5. Let z be (-8)/28 + 304/(-14). Let g = 32 + z. Let o be k(g). What is the greatest common divisor of o and 3?
3
Let x(q) = -3*q + 10. Let g be x(2). Suppose -g*t + 55 = -3*t + k, -2*t = -2*k - 98. Suppose -53*l + t*l = -40. What is the greatest common factor of l and 5?
5
Let t = 6483 - 6179. Calculate the greatest common factor of t and 7448.
152
Suppose 19*g - 51706 = -20413. What is the greatest common factor of 183 and g?
183
Let b(g) = 5*g**3 - 4*g**2 - g - 35. Let w be b(12). Suppose -38*t + 10033 = -w. What is the highest common factor of 285 and t?
95
Let p(d) = 3*d**2 + 205*d - 616. Let i be p(3). What is the greatest common divisor of i and 14?
2
Let g(n) = n**2 - 26*n + 125. Let b be g(19). Let h be 1362/42 - b/14. Calculate the greatest common factor of 759 and h.
33
Suppose -38*k + 466 + 196 = -250. What is the highest common factor of 9228 and k?
12
Suppose 0 = 4*u - 2*f - 112, -4*f = -12*u + 10*u + 80. Calculate the highest common factor of 11608 and u.
8
Let m(a) = 2*a**2 - a - 3. Let h be m(3). Let p be (-4 - (-212)/(-12))*6*-3. Let i = 402 - p. Calculate the greatest common divisor of h and i.
12
Let k = 10 - 6. Let i = k + 124. Calculate the greatest common factor of i and 16.
16
Let g be (-7 - (-483)/63)*(0 + 1 - -1115). What is the highest common factor of g and 72?
24
Let f(m) = m**3 + 25*m**2 + 72*m + 148. Let q be f(-22). What is the highest common factor of 1060 and q?
4
Suppose -28*p + 15*p = -45*p + 832. What is the highest common divisor of p and 506?
2
Let g = -2343 - -2361. What is the highest common divisor of g and 102?
6
Suppose -12*r - 263 + 4799 = 0. Calculate the highest common factor of 810 and r.
54
Suppose -403 + 54 = -4*c + 5*u, -361 = -4*c + u. What is the highest common factor of 7371 and c?
91
Let n(a) = -a**2 - 3*a + 5. Let o be n(0). Suppose -3*u = -o*u + 498. Suppose 9*i + 24 = u. What is the greatest common divisor of i and 225?
25
Suppose 0 = 12*y + 48*y + 21*y - 1458. Let m(f) = -89*f**3 - 2*f - 1. Let t be m(-1). Calculate the highest common factor of y and t.
18
Let f be ((-80)/3 + 1)/(11/(-462)). Let a = 1638 - f. What is the highest common divisor of a and 80?
80
Let k(h) = -4*h - 42. Let f be k(-17). Suppose -77 = 25*x - f*x. Calculate the greatest common divisor of 11 and x.
11
Let o = 424 + -333. Let j = o + -36. Calculate the greatest common factor of j and 11.
11
Let u(o) = 12*o**2 - 123*o + 16. Let s be u(11). What is the greatest common divisor of 4439 and s?
23
Suppose -162*i = -3266 - 1594. Let y(v) = 35*v - 3. Let j be y(3). Calculate the greatest common divisor of j and i.
6
Suppose z + 2*n = 3*z - 36, 0 = -n - 2. Let u be (-2214)/(-189) + 4/14. What is the greatest common factor of z and u?
4
Let t = -83 + 80. Let g be (-14)/t - (-10)/(-15). Suppose 0 = -g*u - 2*y + 74, 0*u + 2*u - 27 = y. What is the greatest common factor of 4 and u?
4
Suppose -543 + 1215 = j. Calculate the greatest common factor of 294 and j.
42
Suppose 1091 = 28*h - 2633. Suppose 6*z - 337 = -h. Calculate the greatest common divisor of 425 and z.
17
Let w be ((-40)/(-32))/((-8)/(-224)). Calculate the greatest common divisor of w and 329.
7
Suppose 0 = 3*x + 5*i - 6700, 3*x - 21*i - 6728 = -19*i. Calculate the greatest common divisor of 105 and x.
35
Suppose 4*p + 5*u - 14138 = 0, 0 = 5*p - 20*u + 15*u - 17695. Calculate the highest common factor of p and 131.
131
Let k be ((-666)/10)/(27/(-180)). Suppose 4*g + 3*a + a = k, -12 = -4*a. What is the highest common factor of 96 and g?
12
Let p(j) = -61*j + 5136. Let w be p(69). Calculate the highest common divisor of 824 and w.
103
Suppose 4*o - 3*l - 172 = 2*o, -4*l = 4*o - 304. Let x(k) = -66*k - 3427. Let g be x(-52). Calculate the highest common factor of g and o.
5
Let z be ((-48)/12)/(-6*(-6)/(-27)). Suppose 0 = z*o + 5*k - 224, 51 = 2*o + 3*k - 100. What is the greatest common divisor of o and 2241?
83
Suppose -5440 = 158*z - 198*z. Calculate the highest common factor of z and 3196.
68
Suppose 12*x - 60 = -0. Suppose t + 3*s - 10 = 0, 4*s = -3*t + x*t - 20. What is the greatest common factor of t and 30?
10
Let w = -5408 + 5429. What is the greatest common divisor of 511 and w?
7
Let h = -15 - -33. Let l(g) = g**3 - g**2 + 28. Let w be l(0). Suppose -109 + w = -3*q. What is the greatest common factor of h and q?
9
Suppose -4*j + m + 696 = -93, 3*j - 4*m - 582 = 0. Calculate the greatest common divisor of 162 and j.
18
Let n be ((20202/9)/7)/(12/36). Calculate the greatest common divisor of 104 and n.
26
Suppose -4*y - 3*t + 57 = 0, 3 = -872*y + 873*y + 3*t. Calculate the greatest common factor of 1038 and y.
6
Let z be (2 - (-75)/(-20))*(7 + -19). Calculate the highest common divisor of 7049 and z.
7
Suppose -2*y - 3*p = y - 18, y - 2*p = 0. Suppose -11*n - 168 = -5*n. Let l be (272/28 - -2) + (-8)/n. Calculate the highest common factor of l and y.
4
Suppose 3*j - 67833 = -2*c - 18842, -2 = 2*j. What is the greatest common factor of 374 and c?
187
Let o be -2 + 1 - 26*-61 - (-16)/16. What is the highest common factor of 494 and o?
26
Let v = 53 + -53. Suppose v = -2*m - 12*m + 252. Let w = 133 - m. Calculate the highest common divisor of 46 and w.
23
Let z(t) be the third derivative of t**6/120 + 2*t**5/15 + 2*t**4/3 + t**3 + 45*t**2. Let m be z(-5). What is the highest common divisor of 17 and m?
1
Let r(q) = q + 2. Suppose k = 2*k. Let s be r(k). Suppose -24*p - 3*v = -264, 4*p + v = 30 + 18. What is the highest common factor of s and p?
2
Suppose -840 = -5*u + 2*u. Let s = -1126 + 1161. What is the greatest common factor of u and s?
35
Suppose -5*v - 5 = -2*k - 42, 3*v - 17 = -4*k. Suppose -v*q + 1764 = 7*q. Calculate the greatest common divisor of q and 42.
42
Let w be (-69483)/(-12) - -6 - 4/(-112)*-7. What is the greatest common divisor of 345 and w?
69
Let z = 34 - 26. Let b(l) = 12*l - 32. Let w be b(11). Calculate the highest common factor of z and w.
4
Suppose 0 = 14*t - 10*t - 58*t + 1674. What is the highest common divisor of t and 13609?
31
Suppose -4*p - 4*p = -32. Let y be (350/p)/(8/144*9). What is the greatest common divisor of 25 and y?
25
Suppose 4*d - 48 = 4*o - 16, -2*o - 10 = 0. Suppose -a = -9 - d. Suppose g = -4*n + 32, -3*g = -0*g - a. Calculate the greatest common divisor of n and 77.
7
Suppose -3*l 